0*y + 0 + 9*y**2 - 1/3*y**3. Determine n(2).
-6
Let m(p) = 6*p**2. Let o be m(-1). Let j(h) = o*h - 2 - 1 - 5*h. Let v be 6/39 + (-37)/(-13). Calculate j(v).
0
Let n(f) be the third derivative of f**7/840 - f**6/60 + f**5/60 - f**4/3 - 3*f**3/2 - 22*f**2. Let z(s) be the first derivative of n(s). Calculate z(6).
4
Let i(o) be the second derivative of -o**3/6 - 11*o**2 + 163*o. Calculate i(-15).
-7
Let o(p) be the second derivative of 0 - p**2 - 1/20*p**5 - 20*p - 5/6*p**3 + 2/3*p**4. Give o(7).
12
Let y(o) be the third derivative of 1 + 5/3*o**3 - 1/60*o**5 - 12*o**2 + 0*o - 1/24*o**4. Give y(0).
10
Let c be 28*(-3)/(-24)*4. Let j be 2/7 - (-10)/c. Let u(w) be the first derivative of -2*w**2 - w + 1. What is u(j)?
-5
Let p(r) = r**3 - 9*r**2 + 6 + 3*r**2 - r**2. Let v(k) = -k**2 - 13*k - 35. Let o be v(-7). Calculate p(o).
6
Let b(f) = -f**2 - 1. Let r(d) = -d**3 + 2*d**2. Let a(t) = t**2 + 18*t + 13. Let n be a(-17). Let y(s) = n*b(s) + r(s). Give y(6).
4
Let v(a) = -12*a**2 + 8*a - 17. Let i(z) = 5*z**2 - 4*z + 8. Let y(m) = 7*i(m) + 3*v(m). Calculate y(-6).
-7
Let l(y) = -y**2 + 5*y - 1. Let h(u) = 3*u**2 - 16*u + 4. Let s(c) = 2*h(c) + 7*l(c). Calculate s(-1).
-3
Let g(x) = 3*x - 6. Let i(j) = -12*j + 25. Let z(s) = -9*g(s) - 2*i(s). Let u be (-6 + 0)/((-3)/2). What is z(u)?
-8
Suppose 5*u + 4*r + 16 = 0, -u + 5*u + 8 = -2*r. Let s(k) = -4*k + u*k - k**2 + 5*k + k**3 - 3*k + 3. Let o(y) = -3*y**3 + y + 1. Let v be o(-1). What is s(v)?
15
Let w(b) = -83*b**2 + 4 - 2*b + 23*b + 24*b**2 + 57*b**2 + 2. Determine w(11).
-5
Let q(h) be the second derivative of -h**4/3 - 5*h**3/6 + 11*h - 3. Give q(-2).
-6
Let u = -224 + 228. Let j(r) = r - 5. Let a(d) = -5. Let c(o) = -6*a(o) + 5*j(o). Determine c(u).
25
Let o(j) = j**3 - j**2 - j + 1. Let s(q) = -6*q**3 + 2*q**2 + 12*q + 1. Let x(k) = -5*o(k) - s(k). Calculate x(-4).
6
Let c = -4341 + 4337. Let m be 36/10 + (-2)/(-5). Let w(t) = -m + 2*t + 5 + 2. Give w(c).
-5
Let z be 12/(3 + 4/(-4)). Let a(x) = 3 + 2 - 4 - 2. Let f(g) = 2*g - 7. Let t(r) = z*a(r) - f(r). Calculate t(4).
-7
Let g(l) = -2*l - 2. Let i be (-30)/(-3) - (-1 + 0 + -2). Let o(f) be the second derivative of f**4/12 - 13*f**3/6 - 3*f**2/2 + f. Let x be o(i). Give g(x).
4
Let g = -57 - -62. Suppose 0 = g*n - 4*p + 21, 7 = 3*p - 5. Let s(u) be the third derivative of 3*u**5/20 - u**4/12 - u**3/6 - 2*u**2. Calculate s(n).
10
Suppose 5*i + 5*r = 25, 59*i - 20 = 55*i - r. Let z(h) = -2*h**2 + 6*h + 1. Give z(i).
-19
Let u(p) be the first derivative of -p**4/4 + p**3 - p**2 + p + 2. Suppose -3*m = 11*m - 28. Give u(m).
1
Let d(v) be the third derivative of v**5/60 - v**4/12 + v**3 + 533*v**2. Give d(-5).
41
Suppose 0 = 4*h + 3*l + 3 - 17, 0 = -h + l. Let b(d) = 1 - d**h - 10 - 2*d - 5*d - 2*d. What is b(-6)?
9
Let n(c) = 3*c**2 - 7*c + 4. Suppose 3*g - 101*s + 97*s - 3 = 0, -2*g = 2*s - 16. Give n(g).
44
Let l(f) = f**3 + f**2 + f + 5. Let k be l(0). Suppose 3*u + 0*u - 16 = -2*y, -3*u = k*y - 22. Let g(x) = -x + x**y - 39 + x + 50. What is g(0)?
11
Let m(q) be the first derivative of -q**4/24 - 2*q**3/3 - 7*q**2 - 8. Let j(x) be the second derivative of m(x). Give j(-7).
3
Let t(n) = 2*n**3 + n**2 + 1. Let q be 3/(-15) + (-28)/10. Let f(j) = j**3 + j**2 + 2. Let w be 2/(-1) - (-8)/2. Let h(u) = q*f(u) + w*t(u). Give h(3).
14
Let p(u) be the second derivative of u**7/2520 - 7*u**6/720 + u**5/20 - 11*u**4/6 - 17*u. Let r(c) be the third derivative of p(c). Determine r(7).
6
Let x = -35 - -41. Suppose 5*d + 55 = -5*u, d - 15 = x*d. Let o(j) = -j**2 - 9*j - 4. Calculate o(u).
4
Let z(j) be the third derivative of j**6/120 + 11*j**5/60 + j**4/24 + 2*j**3/3 - 2*j**2 - 5*j. Determine z(-11).
-7
Let n(r) = 0*r + 17296*r**3 - r**2 - r + 8 - 17295*r**3. Determine n(0).
8
Let h(i) = i + 70 - 35 - 33. Give h(-3).
-1
Suppose 76*s - 78*s + 10 = 0. Suppose 3*c - 23 + s = -5*y, 4*c = y + 1. Let b(h) = -4*h + 3*h - 4 - h + h**2. Calculate b(y).
-1
Let j = 626 + -633. Let c(v) = -v**3 - 7*v**2 + 2*v. What is c(j)?
-14
Let r(q) = -q**3 + 7*q**2 - 2*q - 4. Let u = 14 + -8. Let z be r(u). Let o = -21 + z. Let h(w) = -5*w - 1. Give h(o).
4
Let a(q) be the second derivative of 5*q**4/12 + q**3/3 + q**2/2 + 3*q - 58. Calculate a(-1).
4
Let t(h) be the first derivative of h**4/12 - h**3/6 + h**2 + 15*h + 12. Let l(f) be the first derivative of t(f). Give l(-3).
14
Let k(z) = 6*z**3 + 30*z**2 + 19*z - 21. Let r(n) = 5*n**3 + 29*n**2 + 15*n - 20. Let g(t) = -4*k(t) + 5*r(t). What is g(-25)?
9
Suppose 22 = 2*q - 22. Let b(r) = -4*r - 9*r**3 - r**2 - 1 + q*r**3 + 3*r - r. Suppose -n + 2 = 2*l - 3, 0 = 2*n + 2*l - 4. What is b(n)?
-13
Let q = -119 + 125. Let d(n) = -3*n**2 + 16*n + 8. Determine d(q).
-4
Let t(w) = -15*w + 1. Suppose -4*p + 8 = -4*s, 2*s + 2*p = -0*s. Let i be s - -5 - (-25)/(-1). Let a be 4/10 - i/35. Determine t(a).
-14
Let v(o) be the first derivative of -o**3/3 + 3*o**2 + o - 289. Let m be -5*-1*1/1. What is v(m)?
6
Let u(k) = -k**3 + 9*k**2 - 13*k + 6. Let w be u(7). Let z(x) = -x**2 + 10*x + 5. Determine z(w).
-34
Let w(l) be the second derivative of -1/120*l**6 + 0 + 1/12*l**4 + 1/3*l**3 - 2*l + 0*l**5 + 2*l**2. Let b(f) be the first derivative of w(f). Calculate b(3).
-19
Let c(a) be the second derivative of -a**4/12 + 2*a**3 + 7*a**2/2 - 2*a - 6. Determine c(10).
27
Let j(v) = v**2 + 4*v + 5. Let s = 859 + -868. Give j(s).
50
Let g be (3*(0 - -1))/1. Let d be (1 - -2)*4/8*2. Let p(l) = l**2 - l + 3 - l + 2*l - d*l. Calculate p(g).
3
Let y = -845 + 845. Let s(d) = d**2 + d + 13. Give s(y).
13
Let r = -147 - -146. Let q(k) be the third derivative of 0 + 0*k**4 + 0*k - 1/6*k**3 - 4*k**2 + 1/24*k**6 + 0*k**5. Give q(r).
-6
Let l(s) be the second derivative of -s**4/12 - s**3/6 + 19*s**2/2 - 164*s. Calculate l(0).
19
Let v(y) = -y**2 - 5. Let k be 6*(-5)/50*-10 - 6. Determine v(k).
-5
Let y(u) = u**2 + 7*u + 4. Suppose 0*c - 2*c = -4*z - 36, 10 = 2*z. Suppose 5*x + c = x. Let h be y(x). Let v(j) = -3*j + 6. Determine v(h).
-6
Let l(x) = x**3 + 9*x**2 + 10*x + 12. Let q be l(-8). Let z(m) = -m**3 - 4*m**2 + 4*m + 2. Calculate z(q).
-14
Let y be 9/1*(-2)/(-6). Let h(z) = -y - 2 + 8 + 6*z. Calculate h(-2).
-9
Let r(i) = -2*i + 9. Let q(f) = 12*f - 62. Let t(h) = 4*h - 21. Let l(x) = 3*q(x) - 8*t(x). Let z(p) = -6*l(p) - 13*r(p). Suppose 0 = -4*a + 5*a - 6. Give z(a).
3
Let c(n) = 7*n**2 + 6*n**2 + 1 - 12*n**2. Let m(o) = 4*o**2 + 3*o + 9. Let z(h) = -6*c(h) + m(h). Let d be (3/4)/(22/88). What is z(d)?
-6
Let k(f) = -f - 8. Let q be k(-8). Let c = 2 - q. Let r(d) = 2*d**2 + 2*d**c - 3 + 5 - 6*d - 3*d**2. Give r(4).
-6
Let k = 19 + -8. Let h(g) = -9*g**2 + 12*g - 6*g - g**3 - 5*g + k - 8*g. Determine h(-8).
3
Let u(o) = -4 - 1 + 5*o - 2 + o**2. Suppose 4*d - 15 = d. Suppose 35 = -d*m + 5. Give u(m).
-1
Let x(j) = 6 - 25*j**2 - 4 - 1 + j + 7*j**2 + 9*j**2. What is x(-1)?
-9
Suppose 278*i = 283*i + 20. Let f(v) = -2*v**3 - 7*v**2 + 4*v - 2. Calculate f(i).
-2
Let h(d) = 683*d**2 - 1358*d**2 + 5 + 2*d + 676*d**2. What is h(-4)?
13
Let h(u) = -2 + 2*u**2 - 4 - u + 7 - u**2. Let l be (1 - 2)*0/2. Suppose l*z - 3*z + 15 = 0, z - 7 = p. What is h(p)?
7
Suppose 30 = 22*w - 32*w. Let x(h) = -h**2 - 2*h - 2. Give x(w).
-5
Let w(z) = -5*z - 8. Let b(n) = -n - 6. Let q(g) = -4*g - 19. Let a(c) = -8*b(c) + 3*q(c). Let r(i) = -6*a(i) + 5*w(i). Give r(0).
14
Let g(o) = 8*o. Suppose -10*d = -6*d + 16. Determine g(d).
-32
Let m(r) = -r**3 + 5 + 11*r - 10*r**2 - 17 + 2*r**3. Let d be m(9). Let q(p) = 2*p - 6. What is q(d)?
6
Let p(z) be the second derivative of z**6/720 - z**5/40 + 13*z**4/12 - 4*z. Let y(r) be the third derivative of p(r). What is y(3)?
0
Suppose -2*i = 2*w - 37 - 19, -2*w = -5*i + 140. Suppose -i = -5*q + q. Suppose 3*a = 4 - q. Let u(r) = 5*r - 1. Give u(a).
-6
Let t(l) = -l**2 + 5*l - 7. Suppose 2*j + 72 = -84. Let r = j + 83. What is t(r)?
-7
Let m = -13 + -47. Let f be m/35 - 2/7. Let s(x) = -10*x - 2. Let u(p) = 11*p + 2. Let j(v) = 6*s(v) + 5*u(v). Determine j(f).
8
Let f = 2731 + -2725. Let o(v) = -6*v + 2. Calculate o(f).
-34
Let u(b) = -82124 - 6*b + 82100 + b. Give u(-5).
1
Let r(s) = -9*s**2 - 37*s + 18. Let a(b) = 5*b**2 + 20*b - 9. Let u(d) = -7*a(d) - 4*r(d). What is u(-10)?
11
Let q(z) = 11*z**3 + 3*z**2 - 21*z + 14. Let w(r) = 13*r